is the millions digit of 802658945?
2
What is the ten millions digit of 211836602?
1
What is the ten thousands digit of 879744741?
4
What is the hundred millions digit of 409157017?
4
What is the hundred thousands digit of 105974017?
9
What is the hundreds digit of 60032990?
9
What is the tens digit of 879151323?
2
What is the tens digit of 82189579?
7
What is the hundreds digit of 765389389?
3
What is the tens digit of 1086371302?
0
What is the hundred millions digit of 699775320?
6
What is the thousands digit of 373597622?
7
What is the units digit of 965516861?
1
What is the hundreds digit of 385230200?
2
What is the ten thousands digit of 8663876381?
7
What is the ten thousands digit of 266500698?
0
What is the hundred millions digit of 2652649317?
6
What is the hundred thousands digit of 111659862?
6
What is the ten millions digit of 61009073?
6
What is the millions digit of 2182319391?
2
What is the units digit of 39162689?
9
What is the units digit of 2741394977?
7
What is the ten millions digit of 76815401?
7
What is the ten millions digit of 4373289530?
7
What is the units digit of 161255699?
9
What is the hundred millions digit of 357552432?
3
What is the ten millions digit of 57470804?
5
What is the ten millions digit of 54661369?
5
What is the hundreds digit of 2192157093?
0
What is the hundred thousands digit of 337178554?
1
What is the hundred millions digit of 7457708375?
4
What is the units digit of 444711480?
0
What is the hundreds digit of 1900190391?
3
What is the ten millions digit of 356406082?
5
What is the thousands digit of 568299784?
9
What is the ten millions digit of 289343861?
8
What is the thousands digit of 23275196?
5
What is the millions digit of 605375174?
5
What is the hundred millions digit of 3279078242?
2
What is the millions digit of 347906532?
7
What is the hundred thousands digit of 1339121219?
1
What is the hundred thousands digit of 18499339?
4
What is the hundred thousands digit of 25318019?
3
What is the ten millions digit of 92046243?
9
What is the ten thousands digit of 147470087?
7
What is the ten millions digit of 2543421984?
4
What is the billions digit of 2545708666?
2
What is the thousands digit of 1010439781?
9
What is the hundred millions digit of 1501000347?
5
What is the hundreds digit of 176452968?
9
What is the hundreds digit of 370027292?
2
What is the units digit of 4513481656?
6
What is the hundreds digit of 147411973?
9
What is the ten thousands digit of 734407360?
0
What is the hundred thousands digit of 146037137?
0
What is the units digit of 9225891?
1
What is the tens digit of 307112383?
8
What is the hundreds digit of 85403299?
2
What is the thousands digit of 579156337?
6
What is the ten thousands digit of 26613496?
1
What is the ten millions digit of 370989832?
7
What is the hundred millions digit of 383238952?
3
What is the hundred thousands digit of 25884720?
8
What is the hundred millions digit of 451986306?
4
What is the ten thousands digit of 293952680?
5
What is the hundreds digit of 1721254827?
8
What is the millions digit of 386214217?
6
What is the tens digit of 4655495377?
7
What is the hundred thousands digit of 3563154799?
1
What is the hundred thousands digit of 3551528593?
5
What is the ten millions digit of 4113303731?
1
What is the hundreds digit of 425316549?
5
What is the ten thousands digit of 1687580801?
8
What is the ten millions digit of 858762407?
5
What is the hundred thousands digit of 659600192?
6
What is the ten thousands digit of 45425867?
2
What is the thousands digit of 1231369858?
9
What is the thousands digit of 64078019?
8
What is the hundreds digit of 1362069844?
8
What is the units digit of 93576338?
8
What is the millions digit of 130227341?
0
What is the hundred thousands digit of 40352582?
3
What is the millions digit of 44157946?
4
What is the tens digit of 36846979?
7
What is the ten thousands digit of 4446342294?
4
What is the hundred thousands digit of 130708880?
7
What is the ten millions digit of 46929564?
4
What is the millions digit of 131533850?
1
What is the ten millions digit of 40516599?
4
What is the units digit of 378978219?
9
What is the hundred thousands digit of 45723207?
7
What is the ten millions digit of 1718136580?
1
What is the hundreds digit of 3962128419?
4
What is the hundred millions digit of 169465586?
1
What is the tens digit of 164905601?
0
What is the ten thousands digit of 44958909?
5
What is the millions digit of 7266581?
7
What is the units digit of 36851703?
3
What is the hundred millions digit of 185306211?
1
What is the thousands digit of 11355679?
5
What is the tens digit of 280384393?
9
What is the hundred thousands digit of 162099157?
0
What is the hundred thousands digit of 504319579?
3
What is the tens digit of 27881117?
1
What is the hundreds digit of 42508219?
2
What is the ten millions digit of 142607302?
4
What is the tens digit of 4151534?
3
What is the ten thousands digit of 18307861?
0
What is the thousands digit of 5314902653?
2
What is the thousands digit of 1903518087?
8
What is the hundred thousands digit of 52953483?
9
What is the ten thousands digit of 3382569180?
6
What is the ten millions digit of 23922730?
2
What is the thousands digit of 44099035?
9
What is the units digit of 2231408579?
9
What is the millions digit of 183944962?
3
What is the hundred thousands digit of 103649435?
6
What is the hundred thousands digit of 2098614659?
6
What is the ten millions digit of 707342428?
0
What is the units digit of 1603903610?
0
What is the hundred thousands digit of 585435?
5
What is the tens digit of 235071845?
4
What is the ten thousands digit of 306444875?
4
What is the hundred thousands digit of 61788023?
7
What is the hundred thousands digit of 2253059187?
0
What is the hundreds digit of 18309863?
8
What is the thousands digit of 58132771?
2
What is the ten millions digit of 7940691581?
4
What is the millions digit of 88886253?
8
What is the tens digit of 67948075?
7
What is the units digit of 1370475778?
8
What is the millions digit of 25774917?
5
What is the millions digit of 72214259?
2
What is the units digit of 3123553427?
7
What is the units digit of 5204377815?
5
What is the hundreds digit of 632639694?
6
What is the tens digit of 1266362973?
7
What is the hundreds digit of 58426636?
6
What is the ten millions digit of 2481946905?
8
What is the hundreds digit of 653948212?
2
What is the hundred millions digit of 313910988?
3
What is the thousands digit of 11277720?
7
What is the ten thousands digit of 95413855?
1
What is the hundred thousands digit of 240470641?
4
What is the hundreds digit of 228884971?
9
What is the units digit of 120391256?
6
What is the hundreds digit of 26500159?
1
What is the ten millions digit of 140973059?
4
What is the billions digit of 1879049594?
1
What is the tens digit of 351848387?
8
What is the ten millions digit of 1222828212?
2
What is the ten thousands digit of 246829735?
2
What is the millions digit of 57404074?
7
What is the tens digit of 1090639920?
2
What is the ten thousands digit of 901661513?
6
What is the hundreds digit of 2168125879?
8
What is the units digit of 88110981?
1
What is the millions digit of 85738082?
5
What is the ten thousands digit of 44765011?
6
What is the tens digit of 14848344?
4
What is the hundred thousands digit of 360029723?
0
What is the ten thousands digit of 1742219567?
1
What is the tens digit of 699679734?
3
What is the ten thousands digit of 101930287?
3
What is the millions digit of 66936943?
6
What is the units digit of 491808094?
4
What is the units digit of 621679096?
6
What is the hundreds digit of 31385760?
7
What is the ten thousands digit of 4122259104?
5
What is the hundreds digit of 4355815111?
1
What is the billions digit of 3900969573?
3
What is the ten millions digit of 17080572?
1
What is the tens digit of 954337026?
2
What is the thousands digit of 3963012118?
2
What is the ten thousands digit of 26857820?
5
What is the tens digit of 182465364?
6
What is the hundreds digit of 288294818?
8
What is the hundred thousands digit of 10948542?
9
What is the ten millions digit of 244998994?
4
What is the tens digit of 138302037?
3
What is the thousands digit of 340235701?
5
What is the tens dig